the tens digit of 5392?
9
What is the tens digit of 4562?
6
What is the thousands digit of 2211?
2
What is the tens digit of 924?
2
What is the units digit of 56?
6
What is the units digit of 36749?
9
What is the units digit of 24129?
9
What is the ten thousands digit of 49000?
4
What is the units digit of 5009?
9
What is the tens digit of 182?
8
What is the tens digit of 3208?
0
What is the hundreds digit of 131358?
3
What is the units digit of 3102?
2
What is the thousands digit of 5699?
5
What is the ten thousands digit of 32762?
3
What is the hundreds digit of 11826?
8
What is the units digit of 300?
0
What is the thousands digit of 14542?
4
What is the units digit of 746?
6
What is the hundreds digit of 33464?
4
What is the tens digit of 1019?
1
What is the tens digit of 3687?
8
What is the thousands digit of 2481?
2
What is the tens digit of 3857?
5
What is the units digit of 1141?
1
What is the tens digit of 73886?
8
What is the ten thousands digit of 15237?
1
What is the units digit of 4465?
5
What is the tens digit of 2645?
4
What is the hundreds digit of 7244?
2
What is the thousands digit of 2435?
2
What is the units digit of 6226?
6
What is the units digit of 52314?
4
What is the thousands digit of 2481?
2
What is the hundreds digit of 67916?
9
What is the ten thousands digit of 11957?
1
What is the tens digit of 38?
3
What is the units digit of 39461?
1
What is the units digit of 964?
4
What is the thousands digit of 2317?
2
What is the tens digit of 9294?
9
What is the tens digit of 10380?
8
What is the tens digit of 71174?
7
What is the tens digit of 20788?
8
What is the units digit of 694?
4
What is the ten thousands digit of 11820?
1
What is the tens digit of 10767?
6
What is the tens digit of 79?
7
What is the tens digit of 26789?
8
What is the hundreds digit of 58804?
8
What is the tens digit of 14702?
0
What is the thousands digit of 75520?
5
What is the hundreds digit of 45008?
0
What is the hundreds digit of 9313?
3
What is the units digit of 44032?
2
What is the units digit of 29281?
1
What is the units digit of 4409?
9
What is the ten thousands digit of 12007?
1
What is the hundreds digit of 64026?
0
What is the units digit of 1106?
6
What is the units digit of 23168?
8
What is the thousands digit of 1448?
1
What is the tens digit of 2091?
9
What is the tens digit of 139?
3
What is the tens digit of 3112?
1
What is the hundreds digit of 8860?
8
What is the tens digit of 21524?
2
What is the units digit of 4422?
2
What is the units digit of 124048?
8
What is the units digit of 38277?
7
What is the hundreds digit of 1299?
2
What is the tens digit of 99332?
3
What is the thousands digit of 3951?
3
What is the units digit of 2985?
5
What is the tens digit of 1171?
7
What is the hundreds digit of 158486?
4
What is the units digit of 3891?
1
What is the tens digit of 3905?
0
What is the thousands digit of 71421?
1
What is the hundreds digit of 10181?
1
What is the tens digit of 47576?
7
What is the units digit of 5948?
8
What is the hundreds digit of 62577?
5
What is the ten thousands digit of 10318?
1
What is the ten thousands digit of 11109?
1
What is the hundreds digit of 1332?
3
What is the units digit of 996?
6
What is the units digit of 115269?
9
What is the tens digit of 23343?
4
What is the tens digit of 628?
2
What is the units digit of 1937?
7
What is the units digit of 4273?
3
What is the thousands digit of 12851?
2
What is the units digit of 28556?
6
What is the units digit of 1816?
6
What is the units digit of 781?
1
What is the units digit of 3333?
3
What is the units digit of 2073?
3
What is the tens digit of 12134?
3
What is the thousands digit of 5245?
5
What is the thousands digit of 1684?
1
What is the tens digit of 16440?
4
What is the units digit of 66278?
8
What is the ten thousands digit of 19870?
1
What is the tens digit of 7529?
2
What is the hundreds digit of 2229?
2
What is the hundreds digit of 22997?
9
What is the tens digit of 21961?
6
What is the units digit of 68567?
7
What is the tens digit of 33?
3
What is the thousands digit of 20901?
0
What is the ten thousands digit of 79188?
7
What is the thousands digit of 1007?
1
What is the ten thousands digit of 44992?
4
What is the thousands digit of 8689?
8
What is the hundreds digit of 36354?
3
What is the tens digit of 4037?
3
What is the tens digit of 28509?
0
What is the units digit of 8?
8
What is the units digit of 1204?
4
What is the tens digit of 8476?
7
What is the hundreds digit of 22873?
8
What is the thousands digit of 11151?
1
What is the hundreds digit of 438?
4
What is the tens digit of 11439?
3
What is the tens digit of 13926?
2
What is the thousands digit of 3182?
3
What is the tens digit of 5578?
7
What is the hundreds digit of 1290?
2
What is the thousands digit of 7216?
7
What is the units digit of 5782?
2
What is the units digit of 657?
7
What is the thousands digit of 2164?
2
What is the units digit of 24?
4
What is the thousands digit of 5027?
5
What is the tens digit of 383?
8
What is the thousands digit of 1643?
1
What is the thousands digit of 66816?
6
What is the units digit of 18493?
3
What is the thousands digit of 2982?
2
What is the hundreds digit of 21789?
7
What is the hundreds digit of 48381?
3
What is the hundreds digit of 4107?
1
What is the hundreds digit of 1123?
1
What is the hundreds digit of 9244?
2
What is the ten thousands digit of 26831?
2
What is the thousands digit of 18687?
8
What is the thousands digit of 89166?
9
What is the tens digit of 4092?
9
What is the hundreds digit of 66625?
6
What is the thousands digit of 4966?
4
What is the tens digit of 1180?
8
What is the units digit of 122?
2
What is the tens digit of 26382?
8
What is the thousands digit of 11899?
1
What is the units digit of 673?
3
What is the units digit of 231?
1
What is the hundreds digit of 66541?
5
What is the hundreds digit of 1912?
9
What is the units digit of 66?
6
What is the hundred thousands digit of 105472?
1
What is the units digit of 519?
9
What is the tens digit of 38384?
8
What is the tens digit of 478?
7
What is the units digit of 1040?
0
What is the thousands digit of 132878?
2
What is the units digit of 466?
6
What is the units digit of 5?
5
What is the tens digit of 2660?
6
What is the units digit of 137637?
7
What is the tens digit of 851?
5
What is the tens digit of 37541?
4
What is the units digit of 270?
0
What is the thousands digit of 35429?
5
What is the hundreds digit of 29638?
6
What is the hundreds digit of 2369?
3
What is the tens digit of 243?
4
What is the tens digit of 1508?
0
What is the tens digit of 14082?
8
What is the tens digit of 765?
6
What is the units digit of 1866?
6
What is the hundreds digit of 2925?
9
What is the hundreds digit of 23203?
2
What is the units digit of 540?
0
What is the hundreds digit of 25069?
0
What is the tens digit of 103?
0
What is the hundreds digit of 4001?
0
What is the tens digit of 98905?
0
What is the tens digit of 53902?
0
What is the thousands digit of 1882?
1
What is the tens digit of 59055?
5
What is the hundreds digit of 579?
5
What is the ten thousands digit of 14488?
1
What is the thousands digit of 3163?
3
What is the units digit of 54510?
0
What is the tens digit of 294?
9
What is the thousands digit of 77450?
7
What is the ten thousands digit of 73793?
7
What is the units digit of 500?
0
What is the units digit of 145723?
3
What is the tens digit of 303?
0
What is the hundreds digit of 1025?
0
What is the hundreds digit of 693?
6
What is the tens digit of 367?
6
What is the tens digit of 23697?
9
What is the hundreds digit of 8583?
5
What is the hundreds digit of 9688?
6
What is the hundreds digit of 3908?
9
What is the tens digit of 1601?
0
What is the units digit of 637?
7
What is the ten thousands digit of 86850?
8
What is the tens digit of 722?
2
What is the hundreds digit of 13447?
4
What is the hundreds digit of 109992?
9
What is the thousands digit of 6524?
6
What is the thousands digit of 5021?
5
What is the ten thousands digit of 32102?
3
What is the hundreds digit of 776?
7
What is the tens digit of 244?
4
What is the tens digit of 8038?
3
What is the units digit of 323?
3
What is the units digit of 10693?
3
What is the hundreds digit of 1